{"id":648,"date":"2024-03-19T11:52:52","date_gmt":"2024-03-19T11:52:52","guid":{"rendered":"https:\/\/lasmeda.lt\/?page_id=648"},"modified":"2024-03-20T21:20:43","modified_gmt":"2024-03-20T19:20:43","slug":"tapk-nariu","status":"publish","type":"page","link":"https:\/\/lasmeda.lt\/index.php\/tapk-nariu\/","title":{"rendered":"Tapk nariu"},"content":{"rendered":"\n<h3 class=\"wp-block-heading\">Nori tapti LASMEDA nariu?<\/h3>\n\n\n\n<p><strong>LASMEDA NARIAIS GALI B\u016aTI:<\/strong><\/p>\n\n\n\n<ul class=\"wp-block-list\">\n<li>Lietuvos res\u00adpu\u00adbli\u00adkos pi\u00adlie\u00ad\u010diai;<\/li>\n\n\n\n<li>Asmenys tu\u00adrin\u00adtys ma\u00adsa\u00ad\u017euo\u00adto\u00adjo ar ki\u00adt\u0105 me\u00addi\u00adci\u00adni\u00adn\u0119 spe\u00adcia\u00adly\u00adb\u0119;<\/li>\n\n\n\n<li>Re\u00adg\u0117\u00adji\u00admo negalios \u017emon\u0117s (turintys nustatyt\u0105 nedarbingumo lyg\u012f).<\/li>\n<\/ul>\n\n\n\n<p>Tiktai vi\u00adsuo\u00adti\u00adnio LAS\u00adME\u00adDA na\u00adri\u0173 su\u00adsi\u00adrin\u00adki\u00admo sprendimu \u012f LAS\u00adME\u00adDA na\u00adrius taip pat ga\u00adli b\u016b\u00adti priim\u00adti ir silp\u00adna\u00adre\u00adgiai, ne\u00adtu\u00adrin\u00adtys reg\u0117jimo negalios (neturintys invalidumo).<\/p>\n\n\n\n<p><strong>Reikalingi dokumentai:<\/strong><\/p>\n\n\n\n<ul class=\"wp-block-list\">\n<li>Pra\u00ad\u0161y\u00admas priim\u00adti \u012f LAS\u00adME\u00adDA na\u00adrius;<\/li>\n\n\n\n<li>Re\u00adg\u0117\u00adji\u00admo negali\u0105 patvirtinan\u010diu dokumentu (Neigaliojo pa\u017eym\u0117jimo) kopija;<\/li>\n\n\n\n<li>Di\u00adplo\u00admo ar ki\u00adto do\u00adku\u00admen\u00adto, pa\u00adtvir\u00adti\u00adnan\u00ad\u010dio me\u00addi\u00adko pro\u00adfe\u00adsi\u00adj\u0105 kopija;<\/li>\n\n\n\n<li>Lietuvos respublikos pilie\u010dio paso ko\u00adpi\u00adja.<\/li>\n<\/ul>\n\n\n\n<p>Visus i\u0161vardintus dokumentus reikia pristatyti LAS\u00adME\u00adDA pir\u00admi\u00adnin\u00adkui (adresu: Labdari\u0173 g. 5, Vilnius. arba el. pa\u0161tu:\u00a0<a href=\"https:\/\/web.archive.org\/web\/20211207140549\/mailto:info@lasmeda.lt\">info@lasmeda.lt<\/a>).<\/p>\n\n\n\n<p>Pra\u0161ymas bus pateiktas ta\u00adry\u00adbai (ar\u00adba vi\u00adsuo\u00adti\u00adniam LAS\u00adME\u00adDA na\u00adri\u0173 susirinkimui) ga\u00adlu\u00adti\u00adniam spren\u00addi\u00admui priim\u00adti. Nau\u00adjas na\u00adrys \u012fgy\u00adja vi\u00adsas na\u00adrio tei\u00adses, su\u00admo\u00adk\u0117\u00adj\u0119s stojam\u0105j\u012f mokest\u012f.<\/p>\n","protected":false},"excerpt":{"rendered":"<p>Nori tapti LASMEDA nariu? LASMEDA NARIAIS GALI B\u016aTI: Tiktai vi\u00adsuo\u00adti\u00adnio LAS\u00adME\u00adDA na\u00adri\u0173 su\u00adsi\u00adrin\u00adki\u00admo sprendimu \u012f LAS\u00adME\u00adDA na\u00adrius taip pat ga\u00adli b\u016b\u00adti priim\u00adti ir silp\u00adna\u00adre\u00adgiai, ne\u00adtu\u00adrin\u00adtys reg\u0117jimo negalios (neturintys invalidumo). Reikalingi dokumentai: Visus i\u0161vardintus dokumentus reikia pristatyti LAS\u00adME\u00adDA pir\u00admi\u00adnin\u00adkui (adresu: Labdari\u0173 g. 5, Vilnius. arba el. pa\u0161tu:\u00a0info@lasmeda.lt). Pra\u0161ymas bus pateiktas ta\u00adry\u00adbai (ar\u00adba vi\u00adsuo\u00adti\u00adniam LAS\u00adME\u00adDA na\u00adri\u0173 susirinkimui)&#8230;<\/p>\n","protected":false},"author":1,"featured_media":0,"parent":0,"menu_order":0,"comment_status":"closed","ping_status":"closed","template":"","meta":{"_kadence_starter_templates_imported_post":false,"_kad_post_transparent":"","_kad_post_title":"","_kad_post_layout":"","_kad_post_sidebar_id":"","_kad_post_content_style":"","_kad_post_vertical_padding":"","_kad_post_feature":"","_kad_post_feature_position":"","_kad_post_header":false,"_kad_post_footer":false,"_kad_post_classname":"","footnotes":""},"class_list":["post-648","page","type-page","status-publish","hentry"],"_links":{"self":[{"href":"https:\/\/lasmeda.lt\/index.php\/wp-json\/wp\/v2\/pages\/648","targetHints":{"allow":["GET"]}}],"collection":[{"href":"https:\/\/lasmeda.lt\/index.php\/wp-json\/wp\/v2\/pages"}],"about":[{"href":"https:\/\/lasmeda.lt\/index.php\/wp-json\/wp\/v2\/types\/page"}],"author":[{"embeddable":true,"href":"https:\/\/lasmeda.lt\/index.php\/wp-json\/wp\/v2\/users\/1"}],"replies":[{"embeddable":true,"href":"https:\/\/lasmeda.lt\/index.php\/wp-json\/wp\/v2\/comments?post=648"}],"version-history":[{"count":3,"href":"https:\/\/lasmeda.lt\/index.php\/wp-json\/wp\/v2\/pages\/648\/revisions"}],"predecessor-version":[{"id":697,"href":"https:\/\/lasmeda.lt\/index.php\/wp-json\/wp\/v2\/pages\/648\/revisions\/697"}],"wp:attachment":[{"href":"https:\/\/lasmeda.lt\/index.php\/wp-json\/wp\/v2\/media?parent=648"}],"curies":[{"name":"wp","href":"https:\/\/api.w.org\/{rel}","templated":true}]}}